late the greatest common factor of n and 11.
11
Let w be 416/96 + -3*4/(-18). Suppose 0 = 4*c + u - 68, w*u + 32 = 3*c + u. Suppose -24*k + 1152 = -c*k. What is the highest common divisor of k and 16?
16
Suppose 3*g = 6*j - 588, 2*j + 10 = -2*g + 206. Calculate the highest common divisor of j and 378.
14
Let z be 28704/108 - 14/(-189)*3. Let r = -46 - -84. Calculate the highest common divisor of r and z.
38
Let f(x) = -x**2 - 96*x + 2626. Let k be f(-118). What is the greatest common divisor of 8805 and k?
15
Let g be (-18)/(-5)*11/(154/35). Let s be (4 - 39/g)*-3*15. What is the highest common factor of 60 and s?
15
Suppose 4500*s - 4505*s = w - 2978, -3*w = -24. What is the highest common factor of s and 16?
2
Let p = 690 - 689. Let l(h) = 16*h**3 + 6*h**2 - 2. Let w be l(p). Suppose 107 + 43 = 3*m. What is the highest common factor of w and m?
10
Let d be 92684/1054 + 2/31. What is the greatest common divisor of d and 363?
11
Let d(n) = -n - 3. Let y be d(-3). Suppose y = -j + 69 + 67. Let l(g) = -g**3 + 5*g**2 + 6*g + 4. Let k be l(5). What is the highest common divisor of j and k?
34
Let g(m) = 2*m**2 + 48*m - 125. Let a be g(34). What is the greatest common divisor of a and 804?
201
Let k(n) = -n**3 + 57*n**2 + 132*n - 276. Let s be k(59). Calculate the greatest common divisor of 200 and s.
50
Let x = 179 - 177. Let y be ((-4)/6)/(x/(-216)). Let c = 20 - -4. What is the highest common divisor of c and y?
24
Let w(b) = 1944*b - 3513. Let d be w(2). What is the highest common divisor of d and 1625?
125
Suppose 12*l + 0*l = -67*l + 809592. What is the highest common divisor of 122 and l?
122
Suppose 3*v - 12*l + 9*l = 3, l - 24 = -4*v. Suppose -54 + 49 = -v*y, -y = 4*h - 397. What is the greatest common factor of h and 165?
33
Suppose -4*d + 3*d + 3 = -3*z, 5*d - 5*z - 15 = 0. What is the greatest common factor of 243 and d?
3
Let q = 242 + -150. Suppose 3*w = 152 + 538. Calculate the highest common factor of q and w.
46
Suppose 4*n - 13 = -1. Let z be 8 + -10 - 1 - 440. Let s = z + 447. Calculate the highest common factor of n and s.
1
Let x(w) = w**2 - 39*w - 1708. Let y be x(-27). Calculate the greatest common factor of y and 740.
74
Let w = 18386 + -18358. What is the highest common factor of 1792 and w?
28
Let m(s) = 4*s**3 - 5*s**2 + 13*s - 9. Let v be m(3). What is the highest common factor of 2263 and v?
31
Let x(a) = -2*a**3 - 4*a**2 - 3*a - 2. Let c be x(-2). Calculate the highest common divisor of c and 1948.
4
Let n = -101 + 103. Suppose -4*s - 4*p + 212 = 0, -7*s + 2*s - n*p + 274 = 0. What is the highest common divisor of s and 126?
14
Let s(h) = -h**3 - h**2 - 5*h + 45. Let x be 0*2/((-1)/((-3)/(-12))). Let u be s(x). What is the greatest common factor of u and 10?
5
Let o = -1275 + 1298. Calculate the highest common factor of 81259 and o.
23
Suppose -v - 1036 - 1890 = -2*f, 0 = -4*v - 8. What is the greatest common divisor of 34 and f?
34
Suppose 1 + 2 = -k - 3*u, 4*k = 5*u + 56. Suppose 18 - 4 = 2*i - 2*p, 2*i = p + k. Suppose j + 56 = i*j. What is the greatest common factor of j and 16?
8
Let k = 12654 + -12447. What is the highest common divisor of 1725 and k?
69
Let r be 322/((-10)/5 + 4). Suppose -4*t + 5*w + 271 = 0, 18 - r = -2*t - 5*w. What is the greatest common divisor of 92 and t?
23
Let p(v) = -29*v + 2707. Let n be p(93). What is the greatest common factor of 14810 and n?
10
Suppose 5*q = 5*t - 135, -3*t - 30*q = -25*q - 97. Let w(s) = 18*s - 41. Let z be w(20). Calculate the greatest common divisor of z and t.
29
Suppose -2*y - 177220 = -18*v + 13*v, 3*v + 4*y = 106306. Calculate the highest common divisor of v and 198.
198
Suppose -3*y = h - 24, 8 = 24*y - 25*y. Calculate the greatest common divisor of h and 11728.
16
Let h be 17/((22 + -23)*1/25). Let u = h + 710. Calculate the highest common divisor of u and 57.
57
Suppose -183*a + 195360 = -18*a. What is the greatest common factor of a and 160?
32
Let i be (8*23 - (-2 - -2)) + 3. Suppose -6*u - 34 = -8*u. Calculate the greatest common divisor of i and u.
17
Suppose 99 = 8*d + 59. Suppose 2808 = d*x - 14*x. Let v = 488 + x. What is the highest common factor of 32 and v?
16
Suppose 64*n = 106*n - 97902. Calculate the greatest common divisor of n and 63.
63
Let r = 18743 - 9025. Calculate the greatest common factor of 86 and r.
86
Let g be 156 - (0/1 - -2). Let i be 18/12*(4 - (-474)/9) + -8. Calculate the highest common divisor of i and g.
77
Let f = 0 + 1. Suppose 0 = 534*i - 531*i + 3. Let b be ((-275)/75)/(i/3). What is the greatest common divisor of f and b?
1
Let n(j) = 11*j**3 + 7*j**2 - 11*j - 102. Let k be n(9). What is the greatest common factor of k and 65?
65
Suppose 19*v = 11*v - 8. Let m be 5 - (v + 2)*3. Suppose -2*g - m*u + 178 = 0, -g - 3*u = -0*u - 91. Calculate the greatest common factor of g and 11.
11
Let o(p) = p**2 + 9*p + 21. Let x be 18/27*21/(-2). Let u be o(x). Let b(n) = 7*n. Let c be b(5). Calculate the greatest common factor of c and u.
7
Suppose -59 = -d - 2*h, 3*h + 2*h - 305 = -5*d. Suppose 0 = -d*q + 70*q - 1890. Calculate the highest common divisor of 10 and q.
10
Let d be -1 + 4/2 - -13. Let j(n) = -5*n**2 + 3*n**2 + 33*n + 2*n**2 + n**2 - 2*n**2 - 223. Let b be j(23). Calculate the greatest common factor of b and d.
7
Suppose -234 = 3*j - 12*j. Let a = 134 + 9. What is the highest common factor of a and j?
13
Suppose -5*k - 2*s + 7677 = -11831, 0 = 3*k - 2*s - 11724. Calculate the greatest common factor of 128 and k.
64
Let u(j) = 62*j - 2910. Let q be u(50). Calculate the highest common divisor of 9595 and q.
95
Let b(f) = f**2 + 13*f + 24. Let m be b(-13). Suppose 0 = -3*j - 4*p + 16, 3*j + 3*p - 41 = 4*p. Let q = j + -4. What is the highest common factor of q and m?
8
Let n = -55 + 109. Let a(z) = -2*z**3 + 2*z**2 + 16*z + 36. Let k be a(-3). Suppose k*m - 228 = n*m. What is the greatest common factor of 57 and m?
19
Let a be ((-2)/1 - -1)/(4/(-12)). Let g(d) = d + 28. Let t be g(-22). What is the highest common factor of t and a?
3
Let m(c) = -c**2 + 31*c + 70. Let i be m(30). What is the greatest common factor of 2875 and i?
25
Let z = -17403 - -17591. What is the greatest common factor of 17014 and z?
94
Let l(r) = -r**3 - 73*r**2 + 225*r + 74. Let t be l(-76). What is the greatest common factor of 6493 and t?
151
Let d = -401 + 797. What is the greatest common divisor of d and 378?
18
Let k(n) = n**2 - 20*n + 101. Let v be k(9). Let l be 2 + 47/3 + v/6. Calculate the highest common factor of 846 and l.
18
Let g be 45/6*(-10)/(-60)*96. Let n be (-108)/(-45)*g/9. Calculate the highest common factor of n and 56.
8
Let g(h) = -h**2 - 56*h + 117. Let p be g(0). Calculate the highest common divisor of 342 and p.
9
Let x(s) = 165*s - 1190. Let j be x(8). Let q = 53 + -33. What is the greatest common divisor of j and q?
10
Suppose -2*m - 2*h + 359 = -557, -5*m - 4*h + 2288 = 0. Let w = -494 + 173. Let v = w + m. Calculate the greatest common divisor of 15 and v.
15
Let q = -39227 - -39245. Suppose -2*h = -4*r + 15 + 197, -2*h = -4. Calculate the greatest common divisor of r and q.
18
Suppose 4*q + 26 - 4 = 3*p, 2*p - 5*q = 24. Let m(b) = 38 - 20*b + 4*b - p*b + 3*b**2. Let d be m(11). What is the greatest common divisor of d and 29?
29
Let t(g) = 85*g - 6963. Let c be t(82). Let r = 360 - 157. Calculate the greatest common divisor of c and r.
7
Let k(g) = -6*g**3 - g**2 + 3*g - 4. Let q be k(-3). Let u = -687 - -767. Calculate the highest common factor of u and q.
20
Suppose 25*a + 348 = 27*a. Let j be (-2)/12 - (-3857)/a. Calculate the greatest common factor of j and 550.
22
Let o = -6671 + 6862. Calculate the greatest common divisor of o and 24257.
191
Let c(g) = 7*g - 33. Let l(p) = -63*p + 294. Let w(k) = -28*c(k) - 3*l(k). Let r be w(4). What is the greatest common factor of r and 1106?
14
Let j be (-65)/(-8) + (28/32)/(-7). Suppose -o - 4*o - 4*u - j = 0, -u = -5*o + 2. Suppose o = -3*q + 6 + 30. What is the highest common factor of 24 and q?
12
Suppose 4 = -t + 3*z + 2*z, 5*t + 3*z = 92. Suppose 0 = 12*l + 5*l + 1241. Let q = l + 249. Calculate the highest common factor of t and q.
16
Suppose -191 = 2*t - 5*v, 4*v = -3*t - 2*t - 560. Let q = t + 588. Calculate the highest common divisor of q and 15.
15
Suppose -1